2, 7
What are the prime factors of (4 - -1)/((-6)/36516*-17)?
2, 5, 179
Let d = -50 - -1203. Let c = d - 630. What are the prime factors of c?
523
Let r = -982 + 1106. What are the prime factors of r?
2, 31
Suppose 1057732 = 24*j + 93*j + 228553. What are the prime factors of j?
19, 373
Suppose -424434 = -27*y + 533003 - 95381. What are the prime factors of y?
2, 13, 307
Let u(g) = g**3 + 13*g**2 - 3*g + 5. Let z be u(-12). Suppose -b + 2*v + v = -z, v = -4*b + 688. List the prime factors of b.
173
Suppose 0*g - 2*l + 298 = 2*g, 0 = -5*g + 4*l + 781. Let f = g - 122. What are the prime factors of f?
31
Suppose 239988 = 5*i + 4*l, 3*l = 67*i - 63*i - 191978. What are the prime factors of i?
2, 13, 71
Let y(m) = m**3 - 7*m**2 + m - 11. Let u be y(7). Let i(k) = -144*k + 25. Let h be i(u). Suppose -2*p + h = 5*a - 129, 2*p = 0. List the prime factors of a.
2, 73
Suppose 2*j + 2*j + 24 = 0. Let q be 1*(3 + 15/j)*6. Suppose 2*s = -w - q*w + 462, -5*w + 570 = s. List the prime factors of w.
113
Let y(t) = 6*t + 6. Let l(g) = -1. Let a(i) = -15*l(i) - y(i). Let n(c) = -2*c**3 + 47*c**2 + 26*c - 60. Let u be n(24). What are the prime factors of a(u)?
3
Let u be (380/3)/(8/360). Suppose 0*r = 5*r - u. What are the prime factors of r?
2, 3, 5, 19
Let s(b) = -120*b + 1512. List the prime factors of s(9).
2, 3
Let i(g) be the third derivative of -19*g**6/24 - g**5/60 + 2*g**2. Suppose 3*c - 4 = -2*t - 3, -2*c = 4*t + 2. List the prime factors of i(t).
2, 47
Let l(j) = -10*j**3 + 28*j**2 + 9*j + 14. What are the prime factors of l(-6)?
2, 17, 23
Let a be (-21)/3*-2*4. List the prime factors of 5 + (-21588)/a*4/(-3).
3, 173
Suppose 17*k + 10 = 78. Suppose k*w = 5*g + 227 + 911, 2*g = 2*w - 570. List the prime factors of w.
7, 41
Suppose -4*k = 24, 10*k - 14*k - 26564 = -5*p. What are the prime factors of p?
2, 1327
Suppose 3777 + 1028 = 4*f + 3*r, -4*r + 12 = 0. Suppose -6*w - 5*w = -f. What are the prime factors of w?
109
Let u(j) = -j - 2. Let s be u(7). Let g(a) = -1 + a**3 - 1 - 8*a + 6 + 9*a**2. List the prime factors of g(s).
2, 19
Let o be 13766/10 + (-2)/(-5). Suppose -41*c + 360 = -23*c. Suppose -c*n = -11*n - o. What are the prime factors of n?
3, 17
Suppose 0*s + 3*s + 2*b - 25 = 0, 5*s = 3*b + 10. Suppose 5*q = 25, s*t = 6*t + 5*q - 242. What are the prime factors of t?
7, 31
Suppose -4*q = 3*t - 4829, 0*t - t + 1603 = 3*q. Let i = t + 105. Suppose 15*j = 5*j + i. What are the prime factors of j?
2, 43
Let d = -31 - -12. List the prime factors of 8/(-2)*-1 - (-38)/d.
2
Suppose 10*i + t = 3*i + 116020, -5*i + 2*t = -82885. List the prime factors of i.
3, 5, 13, 17
Let v = -229 - -342. Let x = v + -1135. What are the prime factors of (x/8 - 7/28)*-1?
2
Suppose 55*y = 54*y - 1. Let n(q) = -308*q - 28. What are the prime factors of n(y)?
2, 5, 7
Let n = -1822 + 4895. What are the prime factors of n?
7, 439
Let f = -7 - -12. Suppose -3*l - 308 = 2*n - 3*n, 0 = f*n - 4*l - 1529. Let b = n - 177. What are the prime factors of b?
2
Let i(f) = 44*f**2 - 6*f + 3*f + 7 - 25*f**2. Let c be i(-4). Suppose 3*k - 537 = 3*a, 2*k + a = -4*a + c. List the prime factors of k.
2, 3, 29
Let b(n) = -114*n + 72. Let g be b(-7). Suppose 1579 = 2*f - 5*a, 4*a + g = f + 85. What are the prime factors of f?
797
Let t = -58 - -79. Let i = 19 - t. What are the prime factors of (-113)/((-1)/(-3)*6/i)?
113
Let u = 9615 - 1959. Let k be 2/7 - u/42. Let i = -120 - k. List the prime factors of i.
2, 31
Suppose -4*i + 3*t = -50, 504 - 528 = 4*t. Let a be 664 - 1*(0 + -1). Suppose -i*c = -3*c - a. List the prime factors of c.
7, 19
Let l(o) = -o**3 - 8*o**2 - 6*o - 6. Let y(p) = 2*p + 21. Let j be y(5). Let x = j + -39. What are the prime factors of l(x)?
2, 3, 7
Let r be (-35*1)/(5/(-5)). Let m = r - 28. Let s = m + 4. What are the prime factors of s?
11
Let g(n) = 27*n**3 + 8*n**2 + 13*n + 16. Let u be g(-5). What are the prime factors of 40/(-60) - u/12?
2, 67
List the prime factors of (3470/(-8))/((-830)/20584).
31, 347
Let u = 43858 - -10992. What are the prime factors of u?
2, 5, 1097
Suppose 0 = -3*v - 9, 6 = 6*r - 8*r - 2*v. Let z be (7 - 1)*333/6. Suppose r = 6*f - z - 441. List the prime factors of f.
3, 43
Suppose 5*c = 5*q - 34825, -14*q + 13*q + 5*c = -6937. List the prime factors of q.
2, 3, 7, 83
Let d(f) = f**2 - 6*f - 38. Let g be d(10). Suppose -3205 = -5*q - 3*h, 2562 = -2*q + 6*q + g*h. What are the prime factors of q?
2, 11, 29
Suppose -2*z + 12 = -z + 3*i, -2*i = 2*z - 20. Suppose 11*f - z = -53. What are the prime factors of 3 - (-192 + f)/2?
101
Let y = -145 - -133. What are the prime factors of (1480/y)/(-3 + 8/3)?
2, 5, 37
Let w(n) = 749*n + 55. Let q = -363 + 364. List the prime factors of w(q).
2, 3, 67
Let p(s) = -1080*s**3 - 4*s - 4. Let x(b) = -b**3 + 4*b**2 + 31*b + 7. Let d be x(8). What are the prime factors of p(d)?
2, 3, 5
Suppose 6*d + l - 11 = 2*d, -d - l + 5 = 0. Suppose -2*p - d*r + 412 = 0, 12 = -p + 5*r + 188. List the prime factors of p.
3, 67
What are the prime factors of 16/(-5)*(2563/(-22))/((-1)/(-5))?
2, 233
Let w = 13344 - 7908. What are the prime factors of w?
2, 3, 151
What are the prime factors of (-68)/(-3)*15219/38?
2, 3, 17, 89
List the prime factors of (48/120)/(3/59835).
2, 3989
Suppose -455 = -3*s + 2*j, 2*s + 0*s + 3*j = 312. Let i(y) = -2*y**3 + 3*y**2 + 6*y - 23. Let d be i(-5). Let f = d - s. List the prime factors of f.
7, 17
Let t be (7/7)/((-2)/286). Suppose i = -i + k + 596, -2*i = 4*k - 586. Let n = t + i. What are the prime factors of n?
2, 7, 11
Let o = 9 - 4. Let c(d) = 3*d + 28. Let w(f) = -f - 4. Let t(p) = c(p) + 2*w(p). What are the prime factors of t(o)?
5
Suppose -4*x + 15663 = -g, 0 = -49*g + 45*g - 12. What are the prime factors of x?
3, 5, 29
Let f(m) = 5*m - 71. Let s(c) = -6*c + 72. Let i(j) = -2*f(j) - 3*s(j). List the prime factors of i(31).
2, 3, 29
Let d be (8/6)/((-96)/864). List the prime factors of (2019/(-6))/(6/d).
673
Let a(p) = 14*p**3 + 17*p**2 - 6*p + 119. List the prime factors of a(9).
2, 7, 13
Suppose -7747 - 2270 = -2*i - 2477. List the prime factors of i.
2, 5, 13, 29
Suppose 7*w - 10*w + 6 = 0. Let u be (4 + 28/(-8))*(-2 + w). Suppose u = 3*t + 2*t - 280. What are the prime factors of t?
2, 7
Suppose 2*o = 27 - 7. Let l(v) = v**2 - 13*v + 28. Let w be l(o). Let j(m) = -2*m**3 + m**2 - 3*m - 4. What are the prime factors of j(w)?
2, 11
Suppose -223 - 577 = -5*s. Let x = s + -272. What are the prime factors of (-32)/(-2)*(-7)/(x/76)?
2, 19
Suppose 5*n + 3*p + 1970 - 110 = 0, -25 = -5*p. Let l = -153 - n. What are the prime factors of l?
2, 3, 37
Let s(o) be the third derivative of 0 + 11/24*o**4 - 1/60*o**5 + 0*o + 0*o**3 - 9*o**2. List the prime factors of s(10).
2, 5
Suppose -5*v = -6*v + 40. Suppose v*q + 2300 = 45*q. Suppose q = r + 3*r. What are the prime factors of r?
5, 23
Suppose -58777 - 258911 = -31*k. What are the prime factors of k?
2, 3, 7, 61
Suppose 0 = 2*b + 7*b - 369. Let p = b + 276. What are the prime factors of p?
317
Let g(l) = 2433*l**3 - 63*l**2 - 6*l + 5. What are the prime factors of g(2)?
5, 23, 167
Let t(v) = -v**3 + 17*v**2 - 40*v - 26. Let f be t(14). List the prime factors of (f - (-40)/3)/((-83)/(-996)).
2, 23
Let x = 42 - 39. Let k be -2*(-23)/x*-6. Let a = 191 + k. List the prime factors of a.
3, 11
Suppose -398118 = 5*x - 14*x + 5370. List the prime factors of x.
2, 3, 467
What are the prime factors of (16/4 + -3)*551?
19, 29
Let n = 15824 + -7904. What are the prime factors of n?
2, 3, 5, 11
Let x be -1 + -1729 - 12/4. Let g = x + 2510. List the prime factors of g.
3, 7, 37
Let j(y) = y**3 - 10*y**2 + 12*y - 22. Let k be j(9). Let n be k*(9 - (-8)/2). Let c = -8 + n. What are the prime factors of c?
3, 19
Let v(k) be the third derivative of -5*k**4/24 + 7*k**3/6 - 2*k**2. Let i = 2229 + -2234. List the prime factors of v(i).
2
Let h = -2270 - -949. Let j = h - -2218. What are the prime factors of j?
3, 13, 23
Suppose -t + 2*v + 263 = 6*v, 3*t - 781 = -4*v. Suppose -6*o - 1317 = -o + 2*d, -t = o - 4*d. Let z = o - -402. What are the prime factors of z?
139
Let l = 115 + 1347. Suppose -7*x - l = 1401. Let q = -239 - x. What are the prime factors of q?
2, 5, 17
Let a = 0 - 2. Let l be 1/(3/(-30)*a). Suppose 3*m = 3*u + 3, -5*u + 60 = 5*m + l. What 